h - 5*u. Suppose 3*b = h + 1. Let p be 0 - (-1 + 4 - b). Let s(m) = -m**2 - 1. What is s(p)?
-1
Let g(j) = -j**3 - 5*j**2 + j + 4. Let m be g(-3). Let z(l) = l**2 + l + 4. Let n be z(3). Let o = n + m. Let b(x) = -x**2 + 1. Calculate b(o).
0
Let m(r) = -r**2 - 5*r + 12. Suppose q + 108 - 102 = 0. What is m(q)?
6
Let x be (-1)/(-3) - (-14)/3. Let i(g) = -122*g + 17. Let f be i(-8). Let t(q) = 0 - 2 - f*q + q**2 + 988*q + 1. Calculate t(x).
-1
Let c(l) be the first derivative of l**3 - 3*l**2/2 - 1. Let g(y) = y**2 - 5*y - 1. Let o be g(5). Let r be 1 - (2 + o)*-1. Calculate c(r).
6
Let v = -345 + 348. Let f(m) be the second derivative of 0 - 1/6*m**v - 7*m - 5/2*m**2. Calculate f(4).
-9
Let c(u) = -3*u**3 + u**2 - u - 1. Suppose 5*r + 36 = 2*r. Let b be ((-18)/r)/((-1)/6). Let q(v) = -v**2 - 8*v + 8. Let g be q(b). Calculate c(g).
4
Let s(b) = 3*b**2 - 1 - 4*b**2 - 6*b + 3*b**2 + 2. Determine s(3).
1
Let r(p) = p**3 + p**2 - 19. Let y be r(0). Let f be 3 + -27*(3 + -2). Let h = f - y. Let a(c) = -c. What is a(h)?
5
Suppose -5*p = d + 8, 4*d + 2 = 10. Let q(r) = -r**2 - 17*r - 12. Let w be q(-13). Let o(u) = 83 + 2*u - w - 45. Determine o(p).
-6
Let c(j) = 2*j**3 - 3*j**3 - 3 + 0*j**3 - 2*j**2. Let y(o) = -33 - 26*o**2 - 40*o**2 + o**3 + 2*o + 51*o**2. Let z be y(15). What is c(z)?
6
Let r(p) = -p**2 - 10*p + 19. Let x = -1139 + 1125. What is r(x)?
-37
Let z(r) = -r + 4. Let n = -53 + 95. Suppose -5*v = 2*y - 44, 5*v - v + 5*y - n = 0. Suppose u = x + v, x - 4*x - 12 = 0. What is z(u)?
0
Let u be 12/3 + (20 - 36). Let o(v) = v**3 + 13*v**2 + 15*v + 38. What is o(u)?
2
Let d(k) = -k + 5. Let c be d(-6). Suppose -26 = -5*y - c. Suppose 15 = y*o + 2*o. Let m(h) = h**3 - 2*h**2 - 2*h - 2. Calculate m(o).
1
Let u be 9 + 0 - 2 - (-1 + 5). Let b(g) be the first derivative of -1/3*g**3 - 4 + u*g - 2*g**2. Give b(-3).
6
Let f = -172 - -171. Let p(i) = 4*i**3 - i - 1. Determine p(f).
-4
Let v(g) be the first derivative of g**4/4 - g**3 + g**2 + 3*g - 193. Give v(3).
9
Let n(i) be the second derivative of -i**3/6 - i**2/2 + i. Suppose -4*d + 354 - 66 = 4*w, w = -5*d + 360. Let c = d - 66. What is n(c)?
-7
Let u(i) = i**2 + 4*i + 4. Let n(w) = 3*w + 4. Let g(f) = 4*f + 5. Let y(s) = 4*g(s) - 5*n(s). Let z be y(-5). Calculate u(z).
9
Suppose 22 + 5 = 5*b - w, 3*w - 9 = -3*b. Let c(z) = -8*z + 11. Let x = 38 + -43. Let u(v) = -7*v + 10. Let d(t) = x*u(t) + 4*c(t). Give d(b).
9
Let h(y) = y**3 - 7*y**2 + 2*y - 2. Suppose 4*p + 2*x = -0*x + 30, 2*p = x + 13. Determine h(p).
12
Let k be 50/6 - (-3 + (-28)/(-12)). Let x(g) = 4*g**3 + 4*g**2 - 4*g + 83. Let i(l) = l**3 + l**2 - l + 21. Let o(z) = k*i(z) - 2*x(z). Determine o(0).
23
Suppose 3*h - 7 = -34. Let k be ((-4)/6)/((-3)/h). Let u(p) = -p**3 - 2*p**2 - 3*p - 2. Give u(k).
4
Suppose -10 = 2*k - 4*k, 2*d = -5*k + 37. Let y(n) = 12 + 8*n + n**2 - 2*n**2 - 18. Calculate y(d).
6
Let q(s) = 21 + 76*s + 85*s - 236*s + 80*s. Give q(-9).
-24
Let p(i) = -i**2 - 11*i + 4. Let h be p(-8). Let v be (-6)/(-7)*h/6. Suppose -y = v*y + 15. Let m(d) = -d**2 - 2*d + 1. Give m(y).
-2
Let h be 207/(-5) + 3/(-5). Let a be 12/h + 93/7. Let x = 14 - a. Let s(i) = -i**3 + 2*i**2 - i. What is s(x)?
0
Let l(s) = -4*s + 1. Suppose 2*x - 2 = 0, 5*x = -2*c + 3 - 4. Suppose 9*m + 15 = -21. Let b = m - c. Give l(b).
5
Let m(p) = -2*p - 2. Let l be (-3 - -1)/((-6)/6). Suppose -l*s = -3*s + 4. Determine m(s).
-10
Let y(o) = o. Let l = -258 - -262. Determine y(l).
4
Let o(r) = -r**3 + r**2 + r. Let y(a) = -5*a - 9. Let u be y(-2). Let p(d) = -2*d**3 - 3*d**2 - 6*d + 10. Let q(t) = u*p(t) - 3*o(t). Determine q(7).
-4
Let u(b) be the first derivative of -31*b**4/4 + b**3/3 - b + 75. Determine u(1).
-31
Let y(v) = 2*v + 5. Let h(l) = 10*l + 26. Suppose -2*w - 28 = 2*w. Let g = 4 - w. Let b(m) = g*y(m) - 2*h(m). Determine b(4).
11
Suppose 0 = -2*p + 1 + 3. Suppose -2*d - 7 = -5*t, p*d + 2 + 2 = 4*t. Suppose 5*m + d*c = 18 - 3, 4*m - 5*c = 12. Let n(k) = k**3 - 2*k**2 + 2*k. Give n(m).
15
Let w(k) = k**2 - 7*k. Let c(r) = -5*r**2 + 36*r + 2. Let z(p) = -2*c(p) - 11*w(p). Suppose 5*a + 81 = 16. Let y = 18 + a. Give z(y).
-4
Let r(c) be the second derivative of -c**4/12 - c**3/2 - 5*c**2/2 + 222*c. Let k(i) = -i**3 + 4*i**2 - 5*i + 2. Let d be k(3). Determine r(d).
-9
Let q(p) be the first derivative of -p**3 + p**2/2 - 84. Suppose 6 + 33 = 3*d. Suppose -4*u = d - 5. Give q(u).
-14
Let w be (-4)/22 + (-240)/(-110). Let c(s) = -10*s**2 + 11*s**w + 0*s - 1 - s. Give c(-1).
1
Let b(d) = 10 + 3*d + 3 - 2*d. Let c be b(-9). Let i be -4 + 0 - (2 - c). Let o(u) = -6*u**2 - 2*u + 2. Give o(i).
-18
Let n(b) = 5*b**2 + 2*b - 1. Let z = -118 + 116. Determine n(z).
15
Suppose -97*v + 112*v - 90 = 0. Let g(o) be the first derivative of -3*o - 1/2*o**2 - v. Give g(-6).
3
Let p(j) = j**2 + 1. Let i(u) = -4*u**2 - 2*u - 1. Let o(n) = n**2 + 6*n + 9. Let z be o(-4). Let a(v) = z*i(v) + 5*p(v). Give a(3).
7
Let o(g) = 87*g + 517. Let y be o(-6). Let w(x) = 4*x - 6. Give w(y).
-26
Suppose 27 = -4*i + 5*s + 76, -5*i - 3*s = -15. Let y(g) = -i*g**2 + 5*g + 0*g - 3 - 4 + 5*g**2. Determine y(6).
-13
Let l(n) = -n**3 + 13*n**2 - n + 11. Let r be l(13). Let z(g) be the second derivative of 5*g**3/6 - g**2/2 - 13*g. Determine z(r).
-11
Let s(u) = u**3 - 21*u**2 + 17*u + 62. Let h be s(20). Let w(d) = -6*d**3 + d**2 - 3*d + 3. What is w(h)?
-47
Let l(v) = v**2 - 17*v - 2. Let i be l(18). Let r(t) = 4 - 5 + i*t**2 - 17*t**2. Calculate r(4).
-17
Let c(w) = 4*w - 11. Let b(o) = 5*o - 16. Let z(g) = 2*b(g) - 3*c(g). Determine z(-3).
7
Let u(h) = -70 + 69 + 9*h**2 - 4*h**2. Let s = 17 + -18. Determine u(s).
4
Let y = -53 - -47. Let k(u) = 0*u + 0*u - u - 2. Determine k(y).
4
Let x(a) = -a**2 + 3*a + 5. Suppose -11*y + 9*y = -4. Suppose y*g - p = 12, 0*p + 5*p = -3*g - 8. What is x(g)?
1
Let p(b) = b - 8. Let h(a) = -4*a**3 + 11*a**2 + 3*a - 3. Let k be h(3). What is p(k)?
-11
Let n be (3 - 11/2)*-2. Let f(b) = 2*b**2 + 2*b + 1. Let w(d) = -4*d**2 - 5*d - 3. Let l(x) = n*f(x) + 2*w(x). Give l(-2).
7
Let a be 1/((-2)/(-10) - 0). Let k = 9 - a. Let w(c) be the third derivative of -c**6/120 + c**5/20 + c**4/8 + c**3/2 + 4248*c**2. What is w(k)?
-1
Let s(p) = -9 + 2*p + 2*p**2 + 4 - 5*p**2 + 4 + p**3. Let v be s(3). Let i(g) = g + 1. What is i(v)?
6
Suppose 2*n = -0*n + 2. Let d(a) = n + 3 + 3 - 2 - 2*a. Let i be d(5). Let p(k) = -k**2 - 6*k + 3. What is p(i)?
8
Let u(q) = -q**3 - 2*q**2 - q + 6. Let m be u(0). Suppose -5*i + m*t + 15 = 2*t, 2*i + 5*t - 39 = 0. Let n(l) = -l**3 + 7*l**2 - 7. Calculate n(i).
-7
Let b(i) = -25*i**2 + 4*i + 8. Let a(r) = 9*r**2 + r - 1. Let n(z) = -3*a(z) - b(z). Calculate n(-3).
-2
Suppose 0 = -5*k + 40*k - 280. Let d = -8 - -20. Let o(j) = -j**2 + 7*j + 3*j - j - d. Determine o(k).
-4
Let n(c) = -2*c - 11. Let o be (88/(-1))/(-8) + -14. Calculate n(o).
-5
Let f = -2 - -8. Let h(c) = 44*c - 1. Let s(k) = -9*k + 1. Let a(w) = h(w) + 5*s(w). Calculate a(f).
-2
Let g(z) = 6*z + 3 + 298*z**2 - 4 - 300*z**2. Calculate g(5).
-21
Let y(r) be the second derivative of r**3/6 - r. Let o be (-6 + (-6)/(-1))/8 - -1. What is y(o)?
1
Let l(w) = -w + 8. Let t(n) = -7*n + 59. Let k(g) = -6*l(g) + t(g). Calculate k(3).
8
Let y(h) = -h**2 + 4*h - 1. Let i = 57 - 50. Suppose 9*t - 12 = i*t. What is y(t)?
-13
Let p be (-6)/1*6/12. Let l be (1 - 0)*p + 2. Let n(a) = 5*a + 1. Let c be n(l). Let t(k) = -2*k**2 - 6*k - 2. Determine t(c).
-10
Let t(o) = 28*o**2 + 0 - 2 - 27*o**2 + 5*o. Let l be 3 + 3/((-3)/8). Give t(l).
-2
Suppose 13*c - 14*c - 3 = 0. Let f(s) = s + 0*s - 7 - s**2 - 8 + 13. Give f(c).
-14
Let y(a) = a**3 + a**2 + 11. Let q be y(0). Let m = q - 10. Let j(o) = 3*o. Determine j(m).
3
Let n(u) = -3*u + 5*u + 2 + u. Let i(o) = o**3 + o**2 + o + 1. Let s(w) = -2*i(w) + n(w). Suppose 10*d = 20*d + 20. Calculate s(d).
6
Let t be 1*((3 - 2) + -2). Let l(k) = 1619*k**2 - 1624*k**2 + 0*k + k. Give l(t).
-6
Let t be (2 + -4)*(-2)/4. Suppose -2 - t = 3*k. Let j(z) = 0*z + 0*z - 9*z**3 + 15*z**3. What is j(k)?
-6
Suppose 34*q - 31*q = 0. Let f(h) = h**3 - h - 6. Calculate f(q).
-6
Let r(i) = -7*i**3 - 8*i**2 + 7*i. Let x(k) = 23*k**3 + 23*k**2 - 20*k. Let p(q) = -10*r(q) - 3*x(q). Calculate p(-12).
-24
Let r = -16 - -16. Suppose -2*w + 2*i = 0, 4*i + 0*i = 2*w + 4. Sup